or of 163755 and 270.
135
What is the greatest common factor of 180 and 402360?
60
What is the greatest common divisor of 240 and 65220?
60
What is the highest common factor of 186652 and 68?
4
What is the greatest common divisor of 2856 and 389640?
408
What is the highest common divisor of 1659 and 420?
21
What is the greatest common divisor of 149 and 443424?
149
Calculate the highest common factor of 954 and 1101393.
477
Calculate the highest common factor of 442 and 33864.
34
Calculate the greatest common factor of 306 and 240414.
102
Calculate the greatest common factor of 139847 and 545.
109
Calculate the highest common divisor of 973 and 21.
7
Calculate the greatest common divisor of 25066 and 1510.
302
What is the greatest common factor of 6020284 and 29?
29
Calculate the greatest common factor of 46396 and 20.
4
What is the highest common factor of 675 and 11025?
225
Calculate the highest common factor of 455 and 613886.
91
Calculate the greatest common factor of 18 and 1847430.
18
What is the highest common divisor of 414 and 161?
23
Calculate the greatest common factor of 74 and 208.
2
What is the greatest common divisor of 1962 and 61258?
218
What is the greatest common divisor of 605979 and 33?
33
What is the greatest common factor of 24375 and 705000?
1875
Calculate the highest common factor of 91214 and 236.
118
What is the greatest common divisor of 102 and 16056?
6
Calculate the highest common divisor of 42 and 8414.
14
What is the highest common divisor of 1264 and 44635?
79
What is the highest common divisor of 220 and 157894?
22
Calculate the greatest common factor of 2096746 and 166.
166
Calculate the greatest common factor of 1820 and 8940.
20
Calculate the greatest common divisor of 185410 and 490.
10
What is the highest common divisor of 318 and 57717?
159
What is the highest common factor of 648 and 2196?
36
Calculate the greatest common divisor of 7 and 5614847.
7
What is the greatest common divisor of 6 and 632262?
6
Calculate the greatest common divisor of 138 and 1938.
6
What is the highest common factor of 10302 and 1122?
102
Calculate the greatest common factor of 1179 and 9062973.
1179
Calculate the highest common factor of 14328 and 11520.
72
What is the greatest common factor of 24 and 551168?
8
What is the greatest common factor of 46534 and 318?
106
What is the highest common factor of 43 and 2611691?
43
What is the highest common divisor of 23168 and 1648?
16
Calculate the greatest common factor of 233833 and 31.
31
Calculate the greatest common factor of 682 and 19685.
31
What is the highest common factor of 3841 and 23?
23
What is the highest common factor of 6 and 225192?
6
Calculate the highest common factor of 2142 and 1751.
17
What is the highest common factor of 84 and 2034116?
28
Calculate the greatest common factor of 1508 and 5684.
116
Calculate the highest common factor of 282 and 3546.
6
Calculate the highest common factor of 77593 and 31.
31
Calculate the highest common divisor of 23976 and 170718.
222
Calculate the greatest common factor of 338 and 12597.
13
What is the greatest common factor of 14597 and 88?
11
What is the greatest common factor of 26793 and 78?
39
Calculate the greatest common factor of 20083 and 646.
19
What is the highest common factor of 343957 and 1159?
19
Calculate the highest common factor of 182217 and 231.
21
What is the greatest common factor of 217866 and 66?
66
What is the highest common factor of 60766 and 322?
46
Calculate the greatest common factor of 774 and 8901.
387
What is the highest common factor of 182286 and 988?
494
Calculate the greatest common factor of 108579 and 969.
51
What is the highest common divisor of 8840 and 15691?
221
What is the greatest common divisor of 2668 and 5612?
92
What is the highest common factor of 5896 and 174200?
536
Calculate the highest common factor of 34 and 564859.
17
Calculate the greatest common factor of 545 and 22040.
5
Calculate the highest common divisor of 20169 and 10043.
83
What is the highest common factor of 1479 and 52751?
493
What is the highest common divisor of 163245 and 570?
15
Calculate the highest common factor of 20691 and 4579.
19
Calculate the greatest common divisor of 74244 and 96.
12
What is the greatest common divisor of 13 and 3392987?
13
Calculate the highest common divisor of 3502865 and 15.
5
Calculate the highest common divisor of 151227 and 405.
81
What is the highest common factor of 116775 and 5?
5
Calculate the greatest common factor of 1 and 101736.
1
What is the greatest common divisor of 8220 and 2550?
30
What is the highest common factor of 1378 and 314873?
689
What is the greatest common divisor of 24 and 268860?
12
What is the highest common factor of 2328 and 3353872?
776
What is the greatest common divisor of 19 and 30343?
19
Calculate the greatest common factor of 12540 and 310860.
660
Calculate the greatest common divisor of 440 and 1087625.
55
Calculate the highest common divisor of 1002 and 310787.
167
Calculate the greatest common factor of 52247 and 39.
13
What is the highest common divisor of 127506 and 474?
474
Calculate the greatest common divisor of 160 and 65840.
80
Calculate the highest common factor of 2455 and 75.
5
Calculate the highest common divisor of 26201 and 1197.
133
What is the greatest common divisor of 239822 and 242?
242
What is the greatest common factor of 48 and 186028?
4
What is the greatest common factor of 483 and 81489?
69
Calculate the greatest common factor of 1472 and 163760.
368
What is the highest common divisor of 338 and 187252?
338
What is the greatest common factor of 6216 and 108003?
777
Calculate the greatest common divisor of 4968 and 14444.
92
Calculate the greatest common factor of 1400 and 34450.
50
Calculate the highest common divisor of 20746 and 682.
22
Calculate the greatest common factor of 15912 and 853128.
1224
Calculate the greatest common divisor of 3736759 and 507.
169
What is the greatest common factor of 2898 and 322?
322
Calculate the highest common factor of 13 and 197457.
13
What is the highest common factor of 2856 and 3631404?
1428
Calculate the greatest common divisor of 16459 and 453.
151
Calculate the highest common factor of 52635 and 60.
15
What is the highest common factor of 59837 and 795?
53
What is the highest common factor of 204 and 20388?
12
Calculate the highest common divisor of 55650 and 60.
30
What is the greatest common divisor of 266 and 280406?
14
What is the greatest common divisor of 136230 and 90?
30
Calculate the highest common divisor of 222 and 28032.
6
What is the greatest common factor of 240 and 67992?
24
Calculate the highest common divisor of 5616 and 2214.
54
Calculate the highest common divisor of 36 and 38880.
36
Calculate the greatest common factor of 6286 and 56.
14
What is the highest common divisor of 267821 and 214?
107
Calculate the greatest common divisor of 8 and 1707000.
8
What is the greatest common factor of 2451 and 61959?
57
What is the highest common divisor of 123060 and 1260?
420
What is the greatest common divisor of 99945 and 1935?
45
What is the highest common factor of 140 and 6760320?
140
Calculate the highest common factor of 47925 and 135.
135
Calculate the greatest common factor of 415263 and 1788.
447
What is the highest common factor of 8 and 210992?
8
Calculate the highest common factor of 16228 and 4.
4
What is the greatest common divisor of 356604 and 12?
12
Calculate the greatest common factor of 4763 and 649.
11
What is the highest common divisor of 216330 and 20?
10
What is the greatest common divisor of 163440 and 160?
80
What is the highest common factor of 15811 and 6014?
97
What is the highest common factor of 309206 and 1442?
206
Calculate the highest common divisor of 45 and 14295.
15
What is the highest common factor of 121485 and 534?
267
What is the greatest common divisor of 55726 and 2057?
187
Calculate the highest common divisor of 4888 and 108056.
104
Calculate the greatest common divisor of 1749564 and 552.
276
What is the greatest common divisor of 59 and 3404536?
59
What is the highest common divisor of 23583 and 1337?
7
What is the highest common factor of 2384 and 3648?
16
What is the greatest common divisor of 1183698 and 36?
1